024210
In base 13, what is 363 + -382?
-1c
In base 14, what is 4 - d2d2?
-d2cc
In base 4, what is -2002120 - -2?
-2002112
In base 12, what is 406 + 1a3?
5a9
In base 11, what is 354 - -2?
356
In base 6, what is -43 + 23354?
23311
In base 8, what is -5 - -14206?
14201
In base 9, what is 104762 + -1?
104761
In base 7, what is 6556 - 2560?
3666
In base 2, what is -10101 + -1000010001001?
-1000010011110
In base 16, what is -161 - -49c?
33b
In base 12, what is -4 - -2a8a?
2a86
In base 15, what is 50 - -15e2?
1642
In base 11, what is 16a37 - -6?
16a42
In base 9, what is 11005 + 7?
11013
In base 8, what is 1311 - -161?
1472
In base 14, what is 1 + 214506?
214507
In base 15, what is 3375b + -5?
33756
In base 15, what is 8b7 - 22?
895
In base 13, what is 5c1 - 39?
585
In base 3, what is 102101 + -111010?
-1202
In base 5, what is -1012213 - -14?
-1012144
In base 3, what is -210202 - -122?
-210010
In base 14, what is -90295 - -2?
-90293
In base 11, what is 26a4 - 47?
2658
In base 3, what is -10011111102 - -102?
-10011111000
In base 11, what is 883aa + 11?
88410
In base 12, what is 4118 + 8?
4124
In base 9, what is 6384580 - -1?
6384581
In base 10, what is 722644 - -4?
722648
In base 2, what is -11011100 + 110101?
-10100111
In base 7, what is -4 - -103131?
103124
In base 12, what is -3027 - -16?
-3011
In base 4, what is -11 - -10132002?
10131331
In base 2, what is -10010000 + -1000001?
-11010001
In base 7, what is 3641305 + 1?
3641306
In base 14, what is 689 - -86?
731
In base 3, what is 10 - 211201000221?
-211201000211
In base 5, what is -10 + -43234?
-43244
In base 3, what is -1020210210000 - 2?
-1020210210002
In base 8, what is 12101 + -3?
12076
In base 16, what is 1 + 27d2?
27d3
In base 13, what is 344 - 252?
c2
In base 13, what is -20b6 - 69?
-2152
In base 16, what is -3 + -798?
-79b
In base 2, what is -100000111100101 + -111?
-100000111101100
In base 2, what is 1011 + 1000001010111001?
1000001011000100
In base 16, what is 3 - 79489?
-79486
In base 2, what is 10 - -11100011100111110010?
11100011100111110100
In base 12, what is -10 - -36788?
36778
In base 3, what is 1220220120 + 11?
1220220201
In base 14, what is 16 + cd?
105
In base 9, what is 1273168 + 0?
1273168
In base 16, what is 4e + -4b7?
-469
In base 2, what is 11 - -110100110001011?
110100110001110
In base 12, what is -27881 - 5?
-27886
In base 8, what is -14 - -13451?
13435
In base 4, what is -10210113 + 111?
-10210002
In base 2, what is 100001000110001 + -100?
100001000101101
In base 11, what is -6 - -2280?
2275
In base 4, what is 2 + 2023121103?
2023121111
In base 14, what is -1 + -439?
-43a
In base 2, what is 11101000001101010 - 10111?
11101000001010011
In base 10, what is -3 + -33515?
-33518
In base 8, what is -404 - -3643?
3237
In base 15, what is -9 + 54ee?
54e5
In base 9, what is -5 - 830080?
-830085
In base 16, what is -a + -1aac?
-1ab6
In base 2, what is -11010 + -110010100100?
-110010111110
In base 6, what is -35141103 - 2?
-35141105
In base 9, what is 2 - 375712?
-375710
In base 13, what is -63 - -502?
46c
In base 8, what is -6 + 135?
127
In base 2, what is -100 - -1011111110110101?
1011111110110001
In base 6, what is 442 + 212?
1054
In base 3, what is 110202 + 12?
110221
In base 11, what is 854572 + 3?
854575
In base 12, what is -342068 - 3?
-34206b
In base 7, what is -3 + 56140?
56134
In base 4, what is 32001 + 231?
32232
In base 15, what is 2b21 - 5a?
2ab6
In base 9, what is 23016 + 83?
23110
In base 8, what is -75 + -52065?
-52162
In base 11, what is 743 + -33?
710
In base 3, what is 121 + -112000020111?
-112000012220
In base 13, what is 8400 - 12?
83bb
In base 7, what is -26360 - -1?
-26356
In base 13, what is 2 + -15b2?
-15b0
In base 2, what is 110 - 100010000010?
-100001111100
In base 15, what is -2 + 5c25?
5c23
In base 10, what is 7343 + 55?
7398
In base 15, what is 10c51 - 3a?
10c16
In base 16, what is 11d - 35?
e8
In base 9, what is 1010 - 287?
612
In base 12, what is 62b + 1728?
2157
In base 4, what is 21320 - -113?
22033
In base 12, what is 0 + -7331b?
-7331b
In base 13, what is 27273b + 5?
272743
In base 15, what is 1c195 - -4?
1c199
In base 9, what is -8185 + 77?
-8107
In base 10, what is 3 - 25909?
-25906
In base 14, what is 3 + 1608?
160b
In base 11, what is -50698 - -1?
-50697
In base 4, what is 11122023 + 110?
11122133
In base 9, what is -2415 + 85?
-2320
In base 12, what is -a929 - -5?
-a924
In base 9, what is -2120 + 3633?
1513
In base 4, what is -30212033 - 3?
-30212102
In base 5, what is -3 - 444244?
-444302
In base 2, what is 11011100011001 - 1000?
11011100010001
In base 16, what is -667 + -3?
-66a
In base 12, what is 17 + 7150?
7167
In base 2, what is 1 - 100001010010?
-100001010001
In base 8, what is 6 + 27302?
27310
In base 2, what is -1000 - 10110000010110?
-10110000011110
In base 6, what is -243 - -2201?
1514
In base 10, what is 14945 - -46?
14991
In base 10, what is 7 - -604417?
604424
In base 16, what is 9e + 17?
b5
In base 4, what is 102 - -31013031?
31013133
In base 6, what is -2 - 1025040?
-1025042
In base 5, what is -1132213331 - -3?
-1132213323
In base 13, what is 34 - 2c6?
-292
In base 7, what is -10640 + -530?
-11500
In base 8, what is -141735 - -26?
-141707
In base 14, what is 0 - -916?
916
In base 3, what is 1012001 + 111001?
1200002
In base 10, what is 506365 - 2?
506363
In base 3, what is 1011 + 112211?
120222
In base 11, what is 780 + 945?
1615
In base 4, what is 0 - 31200220?
-31200220
In base 6, what is 44111 + 10?
44121
In base 15, what is -3 - 9120?
-9123
In base 2, what is 100 - -111001010101?
111001011001
In base 3, what is -10 + -2201011011?
-2201011021
In base 13, what is 494 + -1a9?
2b8
In base 12, what is -178 - -21?
-157
In base 10, what is -20 + -6226?
-6246
In base 3, what is -11 - 1110021?
-1110102
In base 2, what is 1001 - 1000101011001?
-1000101010000
In base 16, what is -698 - -4b?
-64d
In base 16, what is -61 + 8dac?
8d4b
In base 2, what is -11 - -10110010001100?
10110010001001
In base 4, what is -12013021110 + 3?
-12013021101
In base 7, what is -1 - 1035354?
-1035355
In base 5, what is -233313 - 113?
-233431
In base 11, what is 0 - -16a293?
16a293
In base 13, what is 8 + 6ac1b?
6ac26
In base 8, what is 110 - 2534?
-2424
In base 7, what is -36533 + -5?
-36541
In base 4, what is -11110 - 2022330?
-2100100
In base 12, what is -42 + 113b1?
1136b
In base 13, what is -6667 - 6?
-6670
In base 12, what is 36 + b78?
bb2
In base 9, what is 1208 + -64?
1134
In base 13, what is -4943 + -8?
-494b
In base 13, what is -cb + 3a96?
3998
In base 16, what is -41961 + -3?
-41964
In base 16, what is -b689 + 2?
-b687
In base 12, what is -6458 + 0?
-6458
In base 14, what is -7965 + 28?
-793b
In base 5, what is -40242343 + -1?
-40242344
In base 13, what is 3 - -21847?
2184a
In base 5, what is -3140 - -4040?
400
In base 13, what is -398 + -9?
-3a4
In base 9, what is 2 + 23266?
23268
In base 2, what is -110001110 + 100110?
-101101000
In base 15, what is 70069 + 0?
70069
In base 6, what is 2204 - -1055?
3303
In base 10, what is 9551 - 2?
9549
In base 16, what is -4 + -414d?
-4151
In base 14, what is -122a57 + 2?
-122a55
In base 5, what is 4 + 343121?
343130
In base 3, what is -10 + 20110100?
20110020
In base 8, what is -137372 - 156?
-137550
In base 4, what is -10 + 103333032?
103333022
In base 14, what is 8 - 2660a?
-26602
In base 13, what is -290b - -8?
-2903
In base 3, what is -2101011 - -212001?
-1112010
In base 6, what is 411213 - 12?
411201
In base 16, what is 4 + 702b?
702f
In base 4, what is 11 - 21002021?
-21002010
In base 4, what is -133330222 + -12?
-133330300
In base 6, what is -1355154 + 3?
-1355151
In base 14, what is 1b87 - d?
1b78
In base 7, what is -5361 + 14?
-5344
In base 10, what is 1 - 47147?
-47146
In base 3, what is 1012112 - -20000111?
21020000
In base 9, what is 7 + 67276?
67284
In base 15, what is -8 - 1c13?
-1c1b
In base 11, what is 47 + -1327?
-1290
In base 10, what is 39416 - -1?
39417
In base 2, what is -1 - -1011011010000010?
1011011010000001
In base 6, what is -21305 + 11?
-21254
In base 3, what is 21 + 121111202?
121112000
In base 7, what is -11003 - -520?
-10153
In base 8, what is 1126 - 326?
600
In base 5, what is 3 + -123120100?
-123120042
In base 8, what is -1347 + -1776?
-3345
In base 15, what is 99c + -1c